{"id":146,"date":"2023-01-12T12:57:58","date_gmt":"2023-01-12T12:57:58","guid":{"rendered":"https:\/\/rise.org.ro\/?page_id=146"},"modified":"2024-03-01T16:58:14","modified_gmt":"2024-03-01T16:58:14","slug":"formular-230","status":"publish","type":"page","link":"https:\/\/rise.org.ro\/index.php\/formular-230\/","title":{"rendered":"Formular 230"},"content":{"rendered":"<p>Redirec\u021bioneaz\u0103 3,5% gratuit din impozitul t\u0103u c\u0103tre Asocia\u021bia Rom\u00e2n\u0103 de Rela\u021bii Interna\u021bionale \u0219i Studii Europene.<\/p>\n<p>Completeaz\u0103, semneaz\u0103 \u0219i depune formularul 230 online, \u00eentr-un minut, f\u0103r\u0103 drumuri la ANAF. Trimite-l pe e-mail c\u0103tre adresa\u00a0<a href=\"mailto:daniela.badea.arrise@gmail.com\">daniela.badea.arrise@gmail.com<\/a>.<\/p>\n<p>Echipa organiza\u021biei se va ocupa s\u0103 trimit\u0103 formularul la ANAF.<\/p>\n<p>Accesez\u0103 link-ul urm\u0103tor pentru a accesa formularul 230:<\/p>\n<p><a href=\"https:\/\/formular230.ro\/asociatia-romana-de-relatii-internationale-si-studii-europene\" target=\"_blank\" rel=\"noopener\">https:\/\/formular230.ro\/asociatia-romana-de-relatii-internationale-si-studii-europene<\/a><\/p>\n<p>sau<\/p>\n<p><a href=\"https:\/\/rise.org.ro\/wp-content\/uploads\/2024\/03\/Formular-230_2023.pdf\" target=\"_blank\" rel=\"noopener\">DESCARC\u0102 FI\u0218IER PDF AICI<\/a><\/p>\n","protected":false},"excerpt":{"rendered":"<p>Redirec\u021bioneaz\u0103 3,5% gratuit din impozitul t\u0103u c\u0103tre Asocia\u021bia Rom\u00e2n\u0103 de Rela\u021bii Interna\u021bionale \u0219i Studii Europene. Completeaz\u0103, semneaz\u0103 \u0219i depune formularul 230 online, \u00eentr-un minut, f\u0103r\u0103 drumuri la ANAF. Trimite-l pe e-mail c\u0103tre adresa\u00a0daniela.badea.arrise@gmail.com. Echipa organiza\u021biei se va ocupa s\u0103 trimit\u0103 formularul la ANAF. Accesez\u0103 link-ul urm\u0103tor pentru a accesa formularul 230: https:\/\/formular230.ro\/asociatia-romana-de-relatii-internationale-si-studii-europene sau DESCARC\u0102 FI\u0218IER PDF AICI<\/p>\n","protected":false},"author":1,"featured_media":0,"parent":0,"menu_order":0,"comment_status":"closed","ping_status":"closed","template":"","meta":{"footnotes":""},"class_list":["post-146","page","type-page","status-publish","hentry"],"yoast_head":"<!-- This site is optimized with the Yoast SEO plugin v19.6 - https:\/\/yoast.com\/wordpress\/plugins\/seo\/ -->\n<title>Formular 230 - ARRISE<\/title>\n<meta name=\"robots\" content=\"index, follow, max-snippet:-1, max-image-preview:large, max-video-preview:-1\" \/>\n<link rel=\"canonical\" href=\"https:\/\/rise.org.ro\/index.php\/formular-230\/\" \/>\n<meta property=\"og:locale\" content=\"en_US\" \/>\n<meta property=\"og:type\" content=\"article\" \/>\n<meta property=\"og:title\" content=\"Formular 230 - ARRISE\" \/>\n<meta property=\"og:description\" content=\"Redirec\u021bioneaz\u0103 3,5% gratuit din impozitul t\u0103u c\u0103tre Asocia\u021bia Rom\u00e2n\u0103 de Rela\u021bii Interna\u021bionale \u0219i Studii Europene. Completeaz\u0103, semneaz\u0103 \u0219i depune formularul 230 online, \u00eentr-un minut, f\u0103r\u0103 drumuri la ANAF. Trimite-l pe e-mail c\u0103tre adresa\u00a0daniela.badea.arrise@gmail.com. Echipa organiza\u021biei se va ocupa s\u0103 trimit\u0103 formularul la ANAF. Accesez\u0103 link-ul urm\u0103tor pentru a accesa formularul 230: https:\/\/formular230.ro\/asociatia-romana-de-relatii-internationale-si-studii-europene sau DESCARC\u0102 FI\u0218IER PDF AICI\" \/>\n<meta property=\"og:url\" content=\"https:\/\/rise.org.ro\/index.php\/formular-230\/\" \/>\n<meta property=\"og:site_name\" content=\"ARRISE\" \/>\n<meta property=\"article:modified_time\" content=\"2024-03-01T16:58:14+00:00\" \/>\n<meta name=\"twitter:card\" content=\"summary_large_image\" \/>\n<meta name=\"twitter:label1\" content=\"Est. reading time\" \/>\n\t<meta name=\"twitter:data1\" content=\"1 minute\" \/>\n<script type=\"application\/ld+json\" class=\"yoast-schema-graph\">{\"@context\":\"https:\/\/schema.org\",\"@graph\":[{\"@type\":\"WebPage\",\"@id\":\"https:\/\/rise.org.ro\/index.php\/formular-230\/\",\"url\":\"https:\/\/rise.org.ro\/index.php\/formular-230\/\",\"name\":\"Formular 230 - ARRISE\",\"isPartOf\":{\"@id\":\"https:\/\/rise.org.ro\/#website\"},\"datePublished\":\"2023-01-12T12:57:58+00:00\",\"dateModified\":\"2024-03-01T16:58:14+00:00\",\"breadcrumb\":{\"@id\":\"https:\/\/rise.org.ro\/index.php\/formular-230\/#breadcrumb\"},\"inLanguage\":\"en-US\",\"potentialAction\":[{\"@type\":\"ReadAction\",\"target\":[\"https:\/\/rise.org.ro\/index.php\/formular-230\/\"]}]},{\"@type\":\"BreadcrumbList\",\"@id\":\"https:\/\/rise.org.ro\/index.php\/formular-230\/#breadcrumb\",\"itemListElement\":[{\"@type\":\"ListItem\",\"position\":1,\"name\":\"Home\",\"item\":\"https:\/\/rise.org.ro\/\"},{\"@type\":\"ListItem\",\"position\":2,\"name\":\"Formular 230\"}]},{\"@type\":\"WebSite\",\"@id\":\"https:\/\/rise.org.ro\/#website\",\"url\":\"https:\/\/rise.org.ro\/\",\"name\":\"ARRISE\",\"description\":\"Just another WordPress site\",\"publisher\":{\"@id\":\"https:\/\/rise.org.ro\/#organization\"},\"potentialAction\":[{\"@type\":\"SearchAction\",\"target\":{\"@type\":\"EntryPoint\",\"urlTemplate\":\"https:\/\/rise.org.ro\/?s={search_term_string}\"},\"query-input\":\"required name=search_term_string\"}],\"inLanguage\":\"en-US\"},{\"@type\":\"Organization\",\"@id\":\"https:\/\/rise.org.ro\/#organization\",\"name\":\"ARRISE\",\"url\":\"https:\/\/rise.org.ro\/\",\"sameAs\":[],\"logo\":{\"@type\":\"ImageObject\",\"inLanguage\":\"en-US\",\"@id\":\"https:\/\/rise.org.ro\/#\/schema\/logo\/image\/\",\"url\":\"https:\/\/rise.org.ro\/wp-content\/uploads\/2022\/08\/Logo-ARISSE-01.png\",\"contentUrl\":\"https:\/\/rise.org.ro\/wp-content\/uploads\/2022\/08\/Logo-ARISSE-01.png\",\"width\":591,\"height\":591,\"caption\":\"ARRISE\"},\"image\":{\"@id\":\"https:\/\/rise.org.ro\/#\/schema\/logo\/image\/\"}}]}<\/script>\n<!-- \/ Yoast SEO plugin. -->","yoast_head_json":{"title":"Formular 230 - ARRISE","robots":{"index":"index","follow":"follow","max-snippet":"max-snippet:-1","max-image-preview":"max-image-preview:large","max-video-preview":"max-video-preview:-1"},"canonical":"https:\/\/rise.org.ro\/index.php\/formular-230\/","og_locale":"en_US","og_type":"article","og_title":"Formular 230 - ARRISE","og_description":"Redirec\u021bioneaz\u0103 3,5% gratuit din impozitul t\u0103u c\u0103tre Asocia\u021bia Rom\u00e2n\u0103 de Rela\u021bii Interna\u021bionale \u0219i Studii Europene. Completeaz\u0103, semneaz\u0103 \u0219i depune formularul 230 online, \u00eentr-un minut, f\u0103r\u0103 drumuri la ANAF. Trimite-l pe e-mail c\u0103tre adresa\u00a0daniela.badea.arrise@gmail.com. Echipa organiza\u021biei se va ocupa s\u0103 trimit\u0103 formularul la ANAF. Accesez\u0103 link-ul urm\u0103tor pentru a accesa formularul 230: https:\/\/formular230.ro\/asociatia-romana-de-relatii-internationale-si-studii-europene sau DESCARC\u0102 FI\u0218IER PDF AICI","og_url":"https:\/\/rise.org.ro\/index.php\/formular-230\/","og_site_name":"ARRISE","article_modified_time":"2024-03-01T16:58:14+00:00","twitter_card":"summary_large_image","twitter_misc":{"Est. reading time":"1 minute"},"schema":{"@context":"https:\/\/schema.org","@graph":[{"@type":"WebPage","@id":"https:\/\/rise.org.ro\/index.php\/formular-230\/","url":"https:\/\/rise.org.ro\/index.php\/formular-230\/","name":"Formular 230 - ARRISE","isPartOf":{"@id":"https:\/\/rise.org.ro\/#website"},"datePublished":"2023-01-12T12:57:58+00:00","dateModified":"2024-03-01T16:58:14+00:00","breadcrumb":{"@id":"https:\/\/rise.org.ro\/index.php\/formular-230\/#breadcrumb"},"inLanguage":"en-US","potentialAction":[{"@type":"ReadAction","target":["https:\/\/rise.org.ro\/index.php\/formular-230\/"]}]},{"@type":"BreadcrumbList","@id":"https:\/\/rise.org.ro\/index.php\/formular-230\/#breadcrumb","itemListElement":[{"@type":"ListItem","position":1,"name":"Home","item":"https:\/\/rise.org.ro\/"},{"@type":"ListItem","position":2,"name":"Formular 230"}]},{"@type":"WebSite","@id":"https:\/\/rise.org.ro\/#website","url":"https:\/\/rise.org.ro\/","name":"ARRISE","description":"Just another WordPress site","publisher":{"@id":"https:\/\/rise.org.ro\/#organization"},"potentialAction":[{"@type":"SearchAction","target":{"@type":"EntryPoint","urlTemplate":"https:\/\/rise.org.ro\/?s={search_term_string}"},"query-input":"required name=search_term_string"}],"inLanguage":"en-US"},{"@type":"Organization","@id":"https:\/\/rise.org.ro\/#organization","name":"ARRISE","url":"https:\/\/rise.org.ro\/","sameAs":[],"logo":{"@type":"ImageObject","inLanguage":"en-US","@id":"https:\/\/rise.org.ro\/#\/schema\/logo\/image\/","url":"https:\/\/rise.org.ro\/wp-content\/uploads\/2022\/08\/Logo-ARISSE-01.png","contentUrl":"https:\/\/rise.org.ro\/wp-content\/uploads\/2022\/08\/Logo-ARISSE-01.png","width":591,"height":591,"caption":"ARRISE"},"image":{"@id":"https:\/\/rise.org.ro\/#\/schema\/logo\/image\/"}}]}},"_links":{"self":[{"href":"https:\/\/rise.org.ro\/index.php\/wp-json\/wp\/v2\/pages\/146","targetHints":{"allow":["GET"]}}],"collection":[{"href":"https:\/\/rise.org.ro\/index.php\/wp-json\/wp\/v2\/pages"}],"about":[{"href":"https:\/\/rise.org.ro\/index.php\/wp-json\/wp\/v2\/types\/page"}],"author":[{"embeddable":true,"href":"https:\/\/rise.org.ro\/index.php\/wp-json\/wp\/v2\/users\/1"}],"replies":[{"embeddable":true,"href":"https:\/\/rise.org.ro\/index.php\/wp-json\/wp\/v2\/comments?post=146"}],"version-history":[{"count":8,"href":"https:\/\/rise.org.ro\/index.php\/wp-json\/wp\/v2\/pages\/146\/revisions"}],"predecessor-version":[{"id":239,"href":"https:\/\/rise.org.ro\/index.php\/wp-json\/wp\/v2\/pages\/146\/revisions\/239"}],"wp:attachment":[{"href":"https:\/\/rise.org.ro\/index.php\/wp-json\/wp\/v2\/media?parent=146"}],"curies":[{"name":"wp","href":"https:\/\/api.w.org\/{rel}","templated":true}]}}